{"id":424,"date":"2024-02-02T20:48:30","date_gmt":"2024-02-02T20:48:30","guid":{"rendered":"https:\/\/deltas.si\/?page_id=424"},"modified":"2025-02-04T06:32:01","modified_gmt":"2025-02-04T06:32:01","slug":"izracun-place","status":"publish","type":"page","link":"https:\/\/deltas.si\/index.php\/pripomocki\/izracun-place\/","title":{"rendered":"Informativni izra\u010duni"},"content":{"rendered":"\n<p>Na spodnji povezavi lahko sami napravite informativni izra\u010dun za razli\u010dne vrste izpla\u010dil.<\/p>\n\n\n\n<p><a href=\"https:\/\/www.findinfo.si\/Tools\/Index?Type=SalaryCalculation\" target=\"_blank\" rel=\"noreferrer noopener\">IZRA\u010cUN PLA\u010cE<\/a><\/p>\n\n\n\n<p><a href=\"https:\/\/www.findinfo.si\/Tools\/Index?Type=SalaryEnforcement\" target=\"_blank\" rel=\"noreferrer noopener\">IZRA\u010cUN IZVR\u0160BE NA PLA\u010cO<\/a><\/p>\n\n\n\n<p><a href=\"https:\/\/www.findinfo.si\/Tools\/Index?Type=ChildBenefit\" target=\"_blank\" rel=\"noreferrer noopener\">OTRO\u0160KI DODATEK<\/a><\/p>\n\n\n\n<p><a href=\"https:\/\/www.findinfo.si\/Tools\/Index?Type=ServiceContract\" target=\"_blank\" rel=\"noreferrer noopener\">PODJEMNA POGODBA<\/a><\/p>\n\n\n\n<p><a href=\"https:\/\/www.findinfo.si\/Tools\/Index?Type=RoyaltyPayment\" target=\"_blank\" rel=\"noreferrer noopener\">AVTORSKI HONORAR<\/a><\/p>\n\n\n\n<p><a href=\"https:\/\/www.findinfo.si\/Tools\/Index?Type=TravelExpenses\" target=\"_blank\" rel=\"noreferrer noopener\">POTNI STRO\u0160KI<\/a><\/p>\n\n\n\n<p><a href=\"https:\/\/www.findinfo.si\/Tools\/Index?Type=LatePaymentInterest\" target=\"_blank\" rel=\"noreferrer noopener\">ZAMUDNE OBRESTI<\/a><\/p>\n\n\n\n<p><a href=\"https:\/\/www.findinfo.si\/Tools\/Index?Type=StudentWork\" target=\"_blank\" rel=\"noreferrer noopener\">\u0160TUDENTSKO DELO<\/a><\/p>\n\n\n\n<p><a href=\"https:\/\/www.findinfo.si\/Tools\/Index?Type=RetireeWork\" target=\"_blank\" rel=\"noreferrer noopener\">ZA\u010cASNO IN OB\u010cASNO DELO UPOKOJENCEV<\/a><\/p>\n\n\n\n<p><a href=\"https:\/\/www.findinfo.si\/Tools\/Index?Type=AuthorPropertyRightTransferIncome\" target=\"_blank\" rel=\"noreferrer noopener\">DOHODEK AVTORJA IZ PRENOSA PREMO\u017dENJSKE PRAVICE<\/a><\/p>\n\n\n\n<p><a href=\"https:\/\/www.findinfo.si\/Tools\/Index?Type=RentCalc\" target=\"_blank\" rel=\"noreferrer noopener\">NAJEMNINA<\/a><\/p>\n\n\n\n<p><a href=\"https:\/\/www.findinfo.si\/Tools\/Index?Type=DDVCalc\" target=\"_blank\" rel=\"noreferrer noopener\">KALKULATOR DDV<\/a><\/p>\n\n\n\n<p><a href=\"https:\/\/www.findinfo.si\/Tools\/Index?Type=CompanyCar\" target=\"_blank\" rel=\"noreferrer noopener\">BONITETA ZA UPORABO SLU\u017dBENEGA AVTOMOBILA<\/a><\/p>\n\n\n\n<p><a href=\"https:\/\/www.fu.gov.si\/davki_in_druge_dajatve\/podrocja\/dohodnina\/dohodnina_dohodek_iz_zaposlitve\/2024_2025\/\">Pripomo\u010dek za izra\u010dun splo\u0161ne olaj\u0161ave v letu 2025<\/a><\/p>\n","protected":false},"excerpt":{"rendered":"<p>Na spodnji povezavi lahko sami napravite informativni izra\u010dun za razli\u010dne vrste izpla\u010dil. IZRA\u010cUN PLA\u010cE IZRA\u010cUN IZVR\u0160BE NA PLA\u010cO OTRO\u0160KI DODATEK PODJEMNA POGODBA AVTORSKI HONORAR POTNI STRO\u0160KI ZAMUDNE OBRESTI \u0160TUDENTSKO DELO ZA\u010cASNO IN OB\u010cASNO DELO UPOKOJENCEV DOHODEK AVTORJA IZ PRENOSA PREMO\u017dENJSKE PRAVICE NAJEMNINA KALKULATOR DDV BONITETA ZA UPORABO SLU\u017dBENEGA AVTOMOBILA Pripomo\u010dek za izra\u010dun splo\u0161ne olaj\u0161ave v [&hellip;]<\/p>\n","protected":false},"author":1,"featured_media":0,"parent":407,"menu_order":0,"comment_status":"closed","ping_status":"closed","template":"","meta":{"footnotes":""},"class_list":["post-424","page","type-page","status-publish","hentry"],"_links":{"self":[{"href":"https:\/\/deltas.si\/index.php\/wp-json\/wp\/v2\/pages\/424","targetHints":{"allow":["GET"]}}],"collection":[{"href":"https:\/\/deltas.si\/index.php\/wp-json\/wp\/v2\/pages"}],"about":[{"href":"https:\/\/deltas.si\/index.php\/wp-json\/wp\/v2\/types\/page"}],"author":[{"embeddable":true,"href":"https:\/\/deltas.si\/index.php\/wp-json\/wp\/v2\/users\/1"}],"replies":[{"embeddable":true,"href":"https:\/\/deltas.si\/index.php\/wp-json\/wp\/v2\/comments?post=424"}],"version-history":[{"count":6,"href":"https:\/\/deltas.si\/index.php\/wp-json\/wp\/v2\/pages\/424\/revisions"}],"predecessor-version":[{"id":550,"href":"https:\/\/deltas.si\/index.php\/wp-json\/wp\/v2\/pages\/424\/revisions\/550"}],"up":[{"embeddable":true,"href":"https:\/\/deltas.si\/index.php\/wp-json\/wp\/v2\/pages\/407"}],"wp:attachment":[{"href":"https:\/\/deltas.si\/index.php\/wp-json\/wp\/v2\/media?parent=424"}],"curies":[{"name":"wp","href":"https:\/\/api.w.org\/{rel}","templated":true}]}}